{"id":97,"date":"2026-01-22T15:41:48","date_gmt":"2026-01-22T14:41:48","guid":{"rendered":"https:\/\/debnaturopathe.com\/?page_id=97"},"modified":"2026-01-22T15:44:50","modified_gmt":"2026-01-22T14:44:50","slug":"reflexologie-plantaire","status":"publish","type":"page","link":"https:\/\/debnaturopathe.com\/?page_id=97","title":{"rendered":"R\u00e9flexologie plantaire"},"content":{"rendered":"\n<p>La r\u00e9flexologie plantaire est une technique qui repose sur l&#8217;application de pressions sur des zones pr\u00e9cises du pied en miroir avec les organes du corps, procurant une sensation de d\u00e9tente profonde et permettant de lutter contre le stress et l&#8217;anxi\u00e9t\u00e9.<\/p>\n\n\n\n<p>La r\u00e9flexologie plantaire est une technique de massage&nbsp;<strong>ancestrale<\/strong>&nbsp;qui se concentre sur les&nbsp;<strong>zones r\u00e9flexes<\/strong>&nbsp;situ\u00e9es sur les pieds. Elle repose sur ce principe: &nbsp;chaque partie du corps est reli\u00e9e \u00e0 une zone sp\u00e9cifique sur la plante des pieds. En stimulant d\u00e9licatement ces diff\u00e9rentes zones r\u00e9flexes, le praticien en r\u00e9flexologie est en mesure d\u2019agir sur le&nbsp;<strong>fonctionnement<\/strong>&nbsp;et&nbsp;<strong>l\u2019\u00e9quilibre<\/strong>&nbsp;de l\u2019organisme dans son ensemble.&nbsp;La r\u00e9flexologie plantaire s\u2019adresse \u00e0 un public tr\u00e8s large, des enfants aux personnes \u00e2g\u00e9es, quelle que soit leur condition physique. Cette technique&nbsp;<strong>douce<\/strong>&nbsp;et&nbsp;<strong>non invasive<\/strong>&nbsp;peut b\u00e9n\u00e9ficier \u00e0 toute personne souhaitant am\u00e9liorer son bien-\u00eatre g\u00e9n\u00e9ral, all\u00e9ger ses tensions ou ses douleurs, ou encore pr\u00e9venir certains troubles de sant\u00e9.<\/p>\n\n\n\n<p>Parmi les principaux bienfaits de la r\u00e9flexologie plantaire, on peut citer :<\/p>\n\n\n\n<ul class=\"wp-block-list\">\n<li>Un profond rel\u00e2chement musculaire et mental, favorisant la d\u00e9tente et la gestion du stress<\/li>\n\n\n\n<li>Un soulagement des douleurs chroniques, telles que les maux de t\u00eate, les douleurs articulaires ou lombaires<\/li>\n\n\n\n<li>Une meilleure circulation sanguine et lymphatique, contribuant \u00e0 une meilleure oxyg\u00e9nation des tissus<\/li>\n\n\n\n<li>Une stimulation des capacit\u00e9s d\u2019auto-gu\u00e9rison naturelles de l\u2019organisme<\/li>\n\n\n\n<li>Un renforcement du syst\u00e8me immunitaire et un apaisement des troubles digestifs<\/li>\n\n\n\n<li>Une am\u00e9lioration de la qualit\u00e9 du sommeil et du bien-\u00eatre g\u00e9n\u00e9ral<\/li>\n<\/ul>\n\n\n\n<p>Gr\u00e2ce \u00e0 ces multiples bienfaits, la r\u00e9flexologie plantaire s\u2019impose comme une&nbsp;<strong>pratique compl\u00e9mentaire<\/strong>&nbsp;pour pr\u00e9server et restaurer l\u2019\u00e9quilibre global de la sant\u00e9.<\/p>\n\n\n\n<p>Stimulation de diff\u00e9rents points r\u00e9flexe de la zone plantaire visant la relaxation et l\u2019harmonisation des fonctions physiologiques du corps.<\/p>\n\n\n\n<p>Standard&nbsp;:<\/p>\n\n\n\n<ul class=\"wp-block-list\">\n<li>\u00a01 s\u00e9ance\u00a0<\/li>\n<\/ul>\n\n\n\n<p>&nbsp; &nbsp; 50\u20ac<\/p>\n\n\n\n<p>Pack 180\u00b0<\/p>\n\n\n\n<ul class=\"wp-block-list\">\n<li>3 s\u00e9ances\u00a0<\/li>\n<\/ul>\n\n\n\n<p>&nbsp; &nbsp; 130\u20ac au lieu de 150\u20ac<\/p>\n\n\n\n<p>Pack 360\u00b0<\/p>\n\n\n\n<ul class=\"wp-block-list\">\n<li>\u00a06 s\u00e9ances\u00a0<\/li>\n<\/ul>\n\n\n\n<p>&nbsp; &nbsp; 250\u20ac au lieu de 300\u20ac<\/p>\n\n\n\n<p>R\u00e9flexologie plantaire b\u00e9b\u00e9&nbsp;: 15 \u00e0 20 minutes 25\u20ac<\/p>\n\n\n\n<p>R\u00e9flexologie plantaire enfants -12ans 30 minutes 30\u20ac<\/p>\n","protected":false},"excerpt":{"rendered":"<p>La r\u00e9flexologie plantaire est une technique qui repose sur l&#8217;application de pressions sur des zones pr\u00e9cises du pied en miroir avec les organes du corps, procurant une sensation de d\u00e9tente profonde et permettant de lutter contre le stress et l&#8217;anxi\u00e9t\u00e9. La r\u00e9flexologie plantaire est une technique de massage&nbsp;ancestrale&nbsp;qui se concentre sur les&nbsp;zones r\u00e9flexes&nbsp;situ\u00e9es sur les &hellip; <\/p>\n<p class=\"link-more\"><a href=\"https:\/\/debnaturopathe.com\/?page_id=97\" class=\"more-link\">Continue reading<span class=\"screen-reader-text\"> &#8220;R\u00e9flexologie plantaire&#8221;<\/span><\/a><\/p>\n","protected":false},"author":1,"featured_media":103,"parent":0,"menu_order":0,"comment_status":"closed","ping_status":"closed","template":"","meta":{"footnotes":""},"class_list":["post-97","page","type-page","status-publish","has-post-thumbnail","hentry"],"_links":{"self":[{"href":"https:\/\/debnaturopathe.com\/index.php?rest_route=\/wp\/v2\/pages\/97","targetHints":{"allow":["GET"]}}],"collection":[{"href":"https:\/\/debnaturopathe.com\/index.php?rest_route=\/wp\/v2\/pages"}],"about":[{"href":"https:\/\/debnaturopathe.com\/index.php?rest_route=\/wp\/v2\/types\/page"}],"author":[{"embeddable":true,"href":"https:\/\/debnaturopathe.com\/index.php?rest_route=\/wp\/v2\/users\/1"}],"replies":[{"embeddable":true,"href":"https:\/\/debnaturopathe.com\/index.php?rest_route=%2Fwp%2Fv2%2Fcomments&post=97"}],"version-history":[{"count":1,"href":"https:\/\/debnaturopathe.com\/index.php?rest_route=\/wp\/v2\/pages\/97\/revisions"}],"predecessor-version":[{"id":98,"href":"https:\/\/debnaturopathe.com\/index.php?rest_route=\/wp\/v2\/pages\/97\/revisions\/98"}],"wp:featuredmedia":[{"embeddable":true,"href":"https:\/\/debnaturopathe.com\/index.php?rest_route=\/wp\/v2\/media\/103"}],"wp:attachment":[{"href":"https:\/\/debnaturopathe.com\/index.php?rest_route=%2Fwp%2Fv2%2Fmedia&parent=97"}],"curies":[{"name":"wp","href":"https:\/\/api.w.org\/{rel}","templated":true}]}}